Calculate the remainder when h is divided by 30.
26
Let t(r) = r**3 + 13*r**2 + 11*r - 7. Let f be t(-12). Let c = -8 - -20. Calculate the remainder when 21 - (f/(-5) + 1) is divided by c.
9
Suppose 12540 = 38*m + 19*m. What is the remainder when m is divided by 103?
14
Suppose 0 = 12*i - 9*i - 93. Calculate the remainder when 91 is divided by i.
29
Let y(j) = -2*j**2 - 18*j + 5. Let w = 11 + 3. What is the remainder when w is divided by y(-9)?
4
Suppose -13*z + 94 = -348. Calculate the remainder when 94 is divided by z.
26
Suppose -3*f - 3*n + 3 = -f, 0 = 3*n + 15. What is the remainder when 143 is divided by f?
8
Let a(g) = -g**3 + 27*g**2 - 99*g + 4. What is the remainder when a(22) is divided by 62?
60
Suppose 2*d + 11*n - 30 = 16*n, d + 3*n = 26. What is the remainder when d is divided by 5?
0
What is the remainder when 291 is divided by (-4)/46 - (-24838)/506?
46
Suppose -117 = -2*b + 5*u, 4*u = -3*b + 5*u + 156. Suppose 3*h = -3*k + 43 + 32, -2*h - k = -b. What is the remainder when h is divided by 6?
2
Suppose 3*j + 1377 = -3*m, 4*j + 512 = 4*m + 2364. Let i = m - 52. Calculate the remainder when i/(-45) + (-4)/10 is divided by 8.
3
Suppose 4*z + 2*l = -l + 4, -l - 16 = -3*z. Suppose -2*q + z*c = -2, 11 = 4*q - 3*c - 18. What is the remainder when 31 is divided by q?
9
Let t = -242 - -508. What is the remainder when t is divided by 67?
65
Suppose -257 = -4*c + 5*v, 4*c - 2*c + 5*v - 91 = 0. Calculate the remainder when c is divided by 10.
8
Let q(y) = -125*y + 50. What is the remainder when q(-4) is divided by 79?
76
Let z = -126 + 180. What is the remainder when 539 is divided by z?
53
Let q = -24 - -48. Let z be 1760/6 + q/36. Suppose 0 = 3*y + 4*w - z, 2*y + 0*y - 196 = w. What is the remainder when y is divided by 33?
32
Suppose -12*c + 14*c = -6. What is the remainder when 3 is divided by c/(-15) + (-14)/(-5)?
0
Suppose 2 = 2*j - 3*j. Let v(r) = 5 - 2 - 4 - 2*r - r**3 - r**2. Calculate the remainder when 34 is divided by v(j).
6
Let i(c) = c**2 - 13*c - 25. Let s be i(15). Suppose -5*q - 100 = -s*y, -y - 4*q = -0*q - 15. What is the remainder when y is divided by 5?
4
Let b be (-94)/(-2) - (-17 + 16). Suppose -b = l - 5*l. Calculate the remainder when l is divided by 2.
0
Let y = 1707 + -1628. Calculate the remainder when 212 is divided by y.
54
Suppose -3*i = -30 + 15. Let k(m) = 1 + 1 + 10*m**2 + 3*m**3 - 13*m**2. Calculate the remainder when k(2) is divided by i.
4
Let b = 144 - -264. Calculate the remainder when b is divided by 53.
37
Let t = -1 - -1. Let m be 4 - (1 + 0)*(-20 - -9). Suppose 0*r + r - m = t. Calculate the remainder when 27 is divided by r.
12
Suppose -7*f + 3 = -6*f. Suppose -j - f*j - 73 = -3*w, -w + 15 = j. Calculate the remainder when w is divided by 7.
5
Suppose 56*c - 47*c - 288 = 0. Calculate the remainder when 862 is divided by c.
30
Let m = 226 + -193. Calculate the remainder when 105 is divided by m.
6
Calculate the remainder when (-20995)/(-595) - 2/7 is divided by 21.
14
Let m = 78 - 44. Calculate the remainder when -1*2*(-1)/(4/m) is divided by (12/(-36))/((-1)/18).
5
Let y(v) = -v**3 + 4*v**2 + 10*v. Let n(i) = 13*i**2 + i + 1. What is the remainder when n(-1) is divided by y(-2)?
1
Suppose -477 = -0*l - 3*l. Let r = 456 - 448. What is the remainder when 102 is divided by l/6 - 4/r?
24
Let z = -86 - -125. Let w = z - 26. Calculate the remainder when 167 is divided by w.
11
Let i(m) = m**2 - 3*m - 5. Let k(t) = t**3 + 5*t**2 + 3*t + 2. Let j be k(-7). Let r = j - -166. Calculate the remainder when r is divided by i(6).
10
Suppose -88 = -4*a - 2*b + 40, 0 = 2*a + 3*b - 56. Let d(q) = -10 - 25*q - 24*q - 11*q + 36*q - q**2. Calculate the remainder when d(-12) is divided by a.
32
Let y(u) = -u**2 + 13*u - 9. Let v be (4/(-10))/((-22)/605). What is the remainder when 48 is divided by y(v)?
9
Suppose 8*x + 4 = 100. What is the remainder when 20 is divided by (x/(-9))/(18/(-81))?
2
Suppose 1808*o = 1813*o - 80. Calculate the remainder when 638 is divided by o.
14
Let f = -19 + 23. Suppose 4*b + 13 = 5*y, 4*y - 26 = -f*b + 2*b. Suppose 100 = 8*r - b*r. Calculate the remainder when r is divided by 7.
6
Let a(l) = 16*l**2 - 8*l + 5. Let v be a(3). Suppose -3*i + 229 = -v. What is the remainder when i is divided by 15?
13
Let p = -200 + 214. Calculate the remainder when 51 is divided by p.
9
Let x(r) = -12*r - 2. Let v be (-12)/7 + (-2)/7. What is the remainder when (-5*(-1640)/(-300))/((-2)/3) is divided by x(v)?
19
What is the remainder when (-1)/(-4)*-2*-16 is divided by 3?
2
Suppose -2*n - 97 = -3*n. Let h = n + -42. What is the remainder when h is divided by 14?
13
Suppose -5*c = -2*c, -2*f - c = 306. Let u = -74 - f. What is the remainder when u is divided by 20?
19
Let k(l) = 3*l**3 + 2*l**2 - l - 2. What is the remainder when -1*(-2 - (78 - -3)) is divided by k(2)?
27
Suppose -5*q + 10*q = 3*t - 7, q - 40 = -4*t. Let c = -128 + 198. What is the remainder when c is divided by t?
7
Suppose 25 = -4*d + 149. Let j(u) = -3*u**3 + 2*u**2 + 3*u + 1. Let c be j(-2). Let y = 38 - c. Calculate the remainder when d is divided by y.
9
Let z(a) = -9*a**3 - a**2 + a - 2. What is the remainder when z(-3) is divided by 83?
63
Let v(d) = -d**2 - 38*d - 294. Calculate the remainder when 323 is divided by v(-12).
17
Let q(a) = a**3 + 5*a**2 + a + 7. Let g be q(-5). Let s be (g/4)/(1/76). Suppose -s = -4*h + 62. Calculate the remainder when h is divided by 14.
11
Let z(t) be the second derivative of -t**5/20 + 7*t**4/12 - t**3/3 - 2*t**2 - 10*t. Calculate the remainder when z(6) is divided by 2*2/((-4)/(-7)).
6
Let h(x) = 10*x**2 - 64*x + 14. Calculate the remainder when 109 is divided by h(7).
53
Let m = -39 + 65. Calculate the remainder when 43 is divided by m.
17
Let b be (-1314)/(-36) - 1/2. Suppose n - 3 = b. Calculate the remainder when n is divided by 14.
11
Suppose -270 = 5*j + 5*p, p - 50 = j + 3*p. Suppose 10*t - 5*t = 235. What is the remainder when t is divided by 4/10 - j/5?
11
Let x = 10 - 7. What is the remainder when 66 is divided by (-1 + (1 - 69/(-9)))*x?
20
Let n(o) = -o**3 + 13*o**2 + 16*o - 7. Calculate the remainder when n(5) is divided by 72.
57
Suppose -9 = -4*p - 13. Suppose -47 = -3*s - 0*q - q, -2*s + 29 = 3*q. What is the remainder when 243/4 - p/4 is divided by s?
13
Let g(v) = -v**3 - 12*v**2 - 15*v + 33. Calculate the remainder when 170 is divided by g(-11).
16
Suppose 127 = 7*c - 41. Let z = -7 - -20. Calculate the remainder when c is divided by z.
11
Let b = 151 + -268. Let g = -57 - b. What is the remainder when g is divided by 18/(-27) + 65/3?
18
Let b = 25 - 3. Suppose 0*a - 2*h = 5*a - b, -5*a - 5*h = -25. Let x(q) = 7*q**2 + 2*q + 1. Calculate the remainder when x(-1) is divided by a.
2
Let m(q) = -q**2 + 11*q + 4. Let j be m(11). Suppose j*h + 5*w - 2*w = 54, -2*h + 34 = 5*w. Calculate the remainder when 9/(-2)*28/(-6) is divided by h.
9
Let x = -538 + 591. What is the remainder when 123 is divided by x?
17
Suppose 2*s - 46 = 2*v, -11 = 5*s + 5*v - 126. Calculate the remainder when 81 is divided by s.
12
Let i(r) = -3*r**3 - 2*r**2 - r. Let d be i(-1). Suppose -d*b - 2*b = v - 58, 3*v = -5*b + 146. Calculate the remainder when v is divided by (-5)/((-6)/18*3).
2
Suppose -3*p + 0*p = -54. Let u = -142 + 143. Let s(k) = 72*k - 1. What is the remainder when s(u) is divided by p?
17
Let t be (-4)/3*(-36)/24. Suppose 5 + 5 = t*r. Calculate the remainder when 2/4 + (-17)/(-2) is divided by r.
4
Let l = -151 - -161. Calculate the remainder when 30/(-14)*(-8 + 1) is divided by l.
5
Let h be 0*(2 + -3 - -2). Let f be (-6 - (h - 2))*-1. Suppose 5*y - 70 = i + 6, f*i = 16. Calculate the remainder when 62 is divided by y.
14
Suppose 3*h = -6*h + 675. Suppose -p = 3*p - 3*n - h, -15 = -p + 2*n. Let z = -67 + 148. Calculate the remainder when z is divided by p.
18
Let o(f) = -2*f - 13. Let p be o(-9). Suppose 4*n + 1 = p*n. Calculate the remainder when 1 is divided by n.
0
Let q = -2 + -19. Suppose 6*s - s = -a - 14, -5*a + 2*s - 43 = 0. Let o = a - q. Calculate the remainder when 31 is divided by o.
7
Suppose 0 = -4*k - k + 95. Calculate the remainder when 92 is divided by k.
16
Let p = 856 - 835. Calculate the remainder when p is divided by (-1 - 0)*(7 - 11).
1
Let g(r) be the second deri